-15
Evaluate 121 + -133 + (2 - -4).
-6
What is -16 + (17 - 16 - -20)?
5
-21 + (18 - (4 - -6))
-13
What is the value of (-9 - 10) + (-3 - (-7 + 2))?
-17
What is the value of 4 + 6 - ((12 - 6) + -3)?
7
23 - (-23 - (-26 - 16))
4
Calculate (15 - (0 + -1 + -3 - -10)) + -1.
8
What is the value of (0 - -12) + (-14 - -4 - 0)?
2
What is the value of -14 - -12 - (-11 + (-1 - -4) - 0)?
6
What is -7 - -6 - ((-13 - -10) + 18)?
-16
What is the value of (-3 - -15) + -44 + 39?
7
What is 3 + 19 + -43 + 1 + 9?
-11
What is -9 + 0 + (-1 - 2) - 0?
-12
What is -1 + -18 - (-15 + -4 + 10 - -12)?
-22
(-23 - (29 - 45)) + -7
-14
(9 - (-7 - -17)) + (-10 - -11)
0
-20 + 0 + -23 - (-4 - 9)
-30
What is the value of -17 + 12 + 10 + 12 + -51?
-34
What is the value of 42 + (-14 - -14) + (-4 - -1 - 8)?
31
What is the value of 4 + -13 + 6 + 9 - -3?
9
What is 6 + -16 + 15 + -1 + -2?
2
What is the value of 1 + (-8 - 0) - (-12 + -15 + 10)?
10
-43 - -74 - (21 + -2)
12
2 + -4 + (1 + 1 - -13)
13
Calculate -12 - (-5 - (8 + -4) - -3 - 3).
-3
-8 + -17 + 8 - -21
4
16 + 2 - (-35 + 48)
5
-6 - (-8 - 5 - (13 + -18))
2
What is the value of 1 - (0 + (1 - 5) - (-9 - -16))?
12
What is the value of 19 - (31 + 28 + -53)?
13
What is -14 + (14 + -1 - 13) - (-6 - -1)?
-9
What is 20 - (-49 + 24 - -58)?
-13
What is -8 + 0 + -7 + 27 + -20?
-8
Calculate -36 + 17 + (-12 - -31) + (3 - -1).
4
Calculate 2 + (41 - 53 - (4 - 32)).
18
Evaluate 3 - 7 - 7 - 5 - -6.
-10
What is the value of -3 + -10 + 15 + (3 + 2 - 4)?
3
Evaluate (-11 - (-2 + -1 + 1)) + (-313 - -310).
-12
Evaluate 4 - (-11 + 19 + -14 + 29).
-19
What is the value of -17 - (-9 + 10) - -7?
-11
Calculate (3 - (5 + -9 + 17)) + -3.
-13
What is -1 + 5 + -2 - (-9 - -8)?
3
(42 - (-10 + 21)) + -15
16
Calculate (0 - (-6 + 3)) + -5 + -12.
-14
Evaluate (-10 - -29) + -51 + 13.
-19
1 + -65 - -31 - -73
40
What is -3 - -5 - (-1 + (9 - 2) - -1)?
-5
Calculate 11 + (-2 - 9) + 2 + 18 + -13.
7
Evaluate (4 - 12) + (-6 - -8) + 1.
-5
Evaluate 49 - (-1 + (54 - 38)).
34
What is 39 + -1 - (2609 - 2537)?
-34
What is the value of -11 - (-26 - (-16 + 9))?
8
Evaluate 6 - (-12 + (36 - 30)).
12
Calculate 0 - (2 - -10) - 2 - (-195 + 188).
-7
(40 - (-1 - -12)) + -47
-18
What is the value of 0 + -20 + (13 + -8 - -5) + 4?
-6
What is 27 - 8 - (6 + -6 + 7)?
12
What is 0 + -21 + 63 + -11?
31
What is 479 - 482 - (-5 - -1)?
1
30 - (-15 + 9 - -20)
16
What is -6 - (-8 + (3 - -14) + -12)?
-3
-6 + (11 - (6 + 10)) - 13
-24
What is the value of 1 + 29 + 1 + (-9 - (8 + -18))?
32
What is (-1 - (2 + (3 - -3))) + 23?
14
(-9 - (17 + -37)) + -5
6
What is the value of (-4 - (3 - -7)) + 20?
6
What is the value of -16 + ((-12 - -3) + -3 - -7)?
-21
-5 + (-11 - -13) - -15
12
Calculate (32 - 20) + (-3 - -7) + -23.
-7
(-5 - -3) + -2 - (8 + 0)
-12
3 + (9 - (51 + -31 - (1 + 9)))
2
Calculate -3 + -15 - (3 - (4 + 10 + -18)).
-25
What is the value of -41 - ((-70 - -31) + 15)?
-17
Evaluate -1 - ((-3 + 1 - -3) + 1 + -15).
12
What is 8 + 3 - (-5 + (4 - (5 - 1)))?
16
Evaluate 5 - (-18 - -21 - (12 + 3 + 3)).
20
6 + 14 + (160 - 198)
-18
What is -9 + 10 + 1 + 6 - (1 - -1)?
6
What is the value of 73 + -81 + (0 - -1) + -23?
-30
Calculate -6 - (2 + -6 + -7 - 5).
10
Evaluate -10 - (-7 - -4 - 3) - 3.
-7
Evaluate (-43 + 37 - (0 - 17)) + (-6 - -4).
9
What is 7 - (-1 + 14 - (-21 + 17))?
-10
(3 - (2 - 4)) + 3 + -10 + -1
-3
Evaluate 5 + 10 + -15 + (7 - -4).
11
What is the value of (-30 - -26) + 1 + 3?
0
2 + 18 + -33 + 0 + (1 - 7)
-19
What is 2 + -1 + -13 + (12 - -18 - 38)?
-20
(-14 + -2 - -8) + 8
0
What is 3 + (-15 - (-24 + 11))?
1
What is the value of -13 + (-18 - (-3 + (-3 - 4))) + -1?
-22
What is 1 - 15 - (11 + (14 - 14) + -10)?
-15
3 + -10 - (-25 - (-23 - (-8 + -3)))
6
2 + 14 + (-5 - (5 - 4))
10
38 - ((82 - 25) + -33)
14
Calculate 34 + -19 - (9 - 0).
6
Evaluate 45 - 64 - (2 - (0 - -15)).
-6
(-9 - -3) + -11 + (13 - 3) - -1
-6
What is the value of -20 - (17 - (35 - 9))?
-11
(-61 + 68 - (1 - -1)) + (4 - -1)
10
Calculate 18 + -22 + 13 + 6.
15
What is (-7 - 0) + (-17 + 0 - -4 - -5)?
-15
(3 - 4) + (4 - 4 - 3)
-4
What is the value of -2 - 12 - (435 - 434)?
-15
What is the value of 12 + -2 + (-2 - 11)?
-3
What is the value of 9 + (-37 - -29 - (-15 - 3))?
19
Calculate (146 - 156) + 0 + 11 - -19.
20
What is the value of -12 + 4 - (9 + -14 + (0 - 1))?
-2
Evaluate 1 + -4 - (-107 + 93).
11
What is (-1 - -22) + 12 + -13?
20
Evaluate -3 + -19 - (-63 - -54).
-13
Evaluate -20 - (-42 - -15 - -19).
-12
Evaluate 4 - ((27 - 23) + -17).
17
17 - (16 + 6) - (-19 - 3)
17
-11 + 0 + -4 + 16 - -19
20
Evaluate -2 - 5 - (18 - 51).
26
What is 9 - (-7 + -8 + (-11 - -29) + 7)?
-1
Evaluate (-29 - -17 - 0) + (0 - 2) + 4.
-10
What is the value of 6 - ((-2 - (18 - 19)) + -1 + -1)?
9
Evaluate -8 + 10 + -4 + (-3 - -3).
-2
(40 - 17) + -9 + -5 + -8
1
Calculate 0 + 13 + -29 + 10 + 14.
8
What is (1 - -9) + 35 + -29 + -12?
4
Evaluate -2 - 1 - (-21 + 54 + -23).
-13
What is -9 - (10 + (3 - 2) + (-8 - 0))?
-12
Evaluate -13 + 13 + -19 + 30.
11
Evaluate 5 + -21 + (-17 - 1) + 16.
-18
What is 430 + -434 + 1 + 28 + (-2 - -1)?
24
What is (-8 - 10) + 30 - 1?
11
What is -6 + -40 + (64 - 52) - -5?
-29
-7 + 8 + (-8 - -5 - 12) + 33
19
Evaluate 2 + (-3 - -4) + 0 - 5 - 5.
-7
Evaluate -13 + (-13 - -33) - (5 + -4 + -1).
7
Evaluate (-7 - 1) + (-1800 - -1793).
-15
Calculate 3 + 0 + -11 + -14 + (-1 - -3).
-20
What is the value of 22 + -20 + (0 - 6 - -12)?
8
What is the value of -19 + 3 + (27 - -18 - 0)?
29
Evaluate (19 - 9) + -7 + (14 - 4).
13
What is (8 - (6 + (13 - 7))) + 4?
0
Calculate -25 + 13 - -19 - 18.
-11
What is 13 - (-15 - 0 - -24) - (2 - 28)?
30
Evaluate (-1 - (14 + -19 + -4)) + 10.
18
Calculate -20 + 27 - (-13 - -2) - (1 + 6).
11
Calculate 11 - ((-7 - -15) + -20).
23
What is -7 + -1 - (10 + 5 + -10 - -2)?
-15
10 + 8 + 4 + -28
-6
What is -13 - 1 - 1 - (-7168 + 7163)?
-10
What is the value of 9 + (-1 + 3 - (-7 + 5) - 11)?
2
Calculate -7 + 14 - 1 - (11 + 1).
-6
Calculate 2 + -4 + 1 - (-37 + 36) - -16.
16
Calculate -30 + 58 - 41 - -10.
-3
(-22 - (-30 - -14)) + -2 + 2 + 22
16
Evaluate -12 + (9 - 7 - 6 - -11).
-5
Calculate (19 - 11) + -9 - -13 - 11 - -5.
6
Evaluate -63 + 61 + -2 + -3.
-7
Evaluate (-1 - (1 + -2) - 6) + (127 - 104).
17
What is the value of -22 - (-15 + 13 - 11)?
-9
15 + (5 - (6 - (7 - 7)))
14
Evaluate 34 + -60 + 5 + 13 - (7 + -1).
-14
What is -6 + (-41 - -29 - (-19 + 3))?
-2
Calculate 0 + 17 + (-746 - -744).
15
What is the value of -27 + 16 + (-15 - -16)?
-10
What is 12 + (-28 - -24) + -12?
-4
Evaluate -9 + (-7 - 0 - (7 - (-6 + 28))).
-1
Evaluate -3 + 8 + (-34 - -39).
10
Evaluate (0 - -9) + (12 - (-14 + 15 - -41)).
-21
What is (-1 - (2 - -8) - -1) + 853 + -853?
-10
What is (43 - 9) + (45 - 56) + -1 + 4?
26
-7 - (-3 - (12 + 8))
16
What is the value of -10 - (-2 + (-4 - (-6 - 5)))?
-15
What is 0 + -15 + (533 - 501)?
17
What is the value of 2 + (2 - 3) + 2 + (13 - 0)?
16
Calculate (13 - -14) + -24 - (0 - (-1 - 0)).
2
(-1 + -4 + -14 - (-7 - -2)) + 6
-8
Evaluate 6 - (15 - (6 + (-3 - -5))).
-1
What is -13 + -3 + 1 + (0 - -12)?
-3
What is 10 - 18 - (-10 - 0)?
2
Calculate -10 + ((4 - -12) + -19 - 12).
-25
What is the value of 6 + 22 + (9 + 0 - (-70 - -82))?
25
What is the value of (31 + -54 - 7) + 38?
8
Evaluate (44 + 2 - 21) + -16.
9
Evaluate 9 + (4 - 8 - 6) + (9 - 1).
7
-4 - 0 - -1 - -12 - (62 - 54)
1
Evaluate 3 - (8 - 6) - -6 - -14.
21
What is (-28 - -3) + (8 - 0) + (-40 - -31)?
-26
What is 8 + 7 + (7 - 3 - 7) - -7?
19
22 + (0 - 1 - (8 + -3 - 11))
27
Evaluate 18 + -12 - (43 - 39).
2
3 + (-6 - -12) + -3 + 3 + -3
6
0 + -1 + 7 - 4 - (-1 + 2)
1
What is -11 - -14 - (0 - -3) - (113 - 116)?
3
What is (11 - (-1 + (12 - 12))) + -10?
2
(21 - (23 - 47)) + (-5 - (-5 - -6))
39
Evaluate -9 + 7 + (4 - 3 - (24 + -2)).
-23
27 + -18 - (-16 - 1) - 11
15
9 + 0 + (-35 - -25) + 13
12
What is (-12 - (8 + -7)) + 4 + 21?
12
What is the value of (-23 + 22 - 7) + 12?
4
Calculate (-34 - -46) + -15 - (-2 - -2).
-3
Evaluate (-16 - (14 - 24) - -3) + 31.
28
12 - ((0 + 3 - 4) + 2)
11
Calculate 1 + (-3 + 4 - 9) + 5.
-2
12 - (-3 - (-18 + 8))
5
Calculate 9 + (-16 - (1 - -1 - 8)) + 10.
9
Calculate 11 - (-10 + 17 - 9).
13
-1 + 12 + (1 - (8 - -3)) + -23
-22
What is the value of (-21 - 6) + 49 + -48?
-26
What is the value of -1 + 0 + (-5 - -1 - (-8 - -11))?
-8
What is the value of (-2 + 5 - (10 + -1)) + -9?
-1